
Let r(g) = 7*g**2 + 2590*g + 44369. Calculate r(-18).
17
Let k(i) = -i**2 + 788*i - 21497. What is k(28)?
-217
Let l(x) = 423*x - 36904. Determine l(89).
743
Let a(r) = 2*r**3 + 45*r**2 - 1198*r - 4914. Determine a(-37).
-289
Let q(w) = -10*w**3 + 44*w**2 + 78*w - 125. What is q(1)?
-13
Let i(h) = h**3 + 11*h**2 - 95*h - 245. Determine i(-12).
751
Let f(q) = 2*q**2 + 78*q - 63. Give f(-59).
2297
Let f(h) = 2*h**2 + 1005*h + 98752. Determine f(-134).
-6
Let o(j) = 893*j + 185709. Calculate o(-208).
-35
Let s(r) = -6426*r - 115685. What is s(-18)?
-17
Let h(l) = l**3 + 37*l**2 - 54*l + 593. Give h(-40).
-2047
Let f(c) = -1723*c - 105152. Calculate f(-61).
-49
Let v(z) = -10*z**2 + 1957*z + 8006. Calculate v(-4).
18
Let g(k) = 11*k**2 + 2109*k + 74820. What is g(-47)?
-4
Let b(k) = 280*k + 19602. Calculate b(-70).
2
Let j(r) = 20*r**2 - 371*r + 1614. Determine j(12).
42
Let o(u) = 2304314*u - 6912954. Give o(3).
-12
Let k(q) = q**3 - 201*q**2 - 4*q + 159. Give k(0).
159
Let n(o) = 3*o**2 - 179*o - 3834. Give n(58).
-4124
Let v(u) = 73*u - 4779. Give v(70).
331
Let j(i) = 882*i + 63. Calculate j(-2).
-1701
Let a(j) = -11*j**3 + 110*j**2 + 121*j - 1983. Calculate a(9).
-3
Let j(x) = 209*x - 81659. Calculate j(390).
-149
Let h(p) = -11491*p - 252678. Determine h(-22).
124
Let u(q) = 4867*q + 34765. Give u(-7).
696
Let n(w) = -81*w - 2321. Give n(-40).
919
Let b(a) = -887146*a - 15968624. Determine b(-18).
4
Let u(g) = 18*g**2 - 2145*g + 185. Calculate u(119).
-172
Let h(f) = -16*f**2 - 2488*f + 1162. Determine h(-156).
-86
Let w(h) = -h**3 - 42*h**2 + 11*h - 965. What is w(-43)?
411
Let s(q) = 636*q - 71341. Calculate s(112).
-109
Let f(z) = -34470*z + 172363. Determine f(5).
13
Let d(s) = 47*s + 3051. Determine d(-72).
-333
Let f(x) = -7*x**3 + 30*x**2 - 60*x - 23. Give f(3).
-122
Let v(k) = k**2 - 164*k - 3989. Calculate v(-25).
736
Let j(k) = -k**3 - 33*k**2 + 68*k + 827. Give j(-34).
-329
Let x(h) = h**2 + 103631*h + 3418738. Calculate x(-33).
4
Let g(t) = t**3 + 13*t**2 + 39*t + 72. Calculate g(-12).
-252
Let s(t) = 10240*t + 245757. Determine s(-24).
-3
Let i(x) = 21*x**2 + 476*x - 1372. What is i(-26)?
448
Let j(d) = 7*d**3 - 5*d**2 + 131*d + 707. What is j(-5)?
-948
Let o(x) = 14841*x + 74234. What is o(-5)?
29
Let u(y) = -11184*y - 134247. What is u(-12)?
-39
Let c(z) = -z**3 - 280*z**2 + 1630*z + 456449. Determine c(-280).
49
Let r(v) = 2*v**3 - 769*v - 600. Determine r(0).
-600
Let i(w) = 3*w**2 + 430*w + 13397. Calculate i(-98).
69
Let w(s) = -3441*s - 27309. Give w(-8).
219
Let a(o) = -3355*o - 7355. What is a(-4)?
6065
Let m(f) = 4900*f + 39180. What is m(-8)?
-20
Let o(j) = j**2 - 338*j - 78334. Give o(-149).
-5771
Let o(t) = 45*t**2 - 9127*t - 1324. What is o(203)?
300
Let u(l) = -6*l**3 - 38*l**2 - 59*l - 371. Give u(-7).
238
Let u(i) = -2269*i + 342623. Determine u(151).
4
Let f(d) = 734*d - 103478. Give f(142).
750
Let x(j) = 3524*j + 2829. What is x(-1)?
-695
Let c(j) = -4537*j**2 + 186*j + 1. Calculate c(1).
-4350
Let o(n) = n**3 + 23*n**2 - 46*n - 96. Give o(-25).
-196
Let w(q) = -863*q**3 - 5*q**2 + 20*q + 23. What is w(-1)?
861
Let g(z) = 108*z - 16348. What is g(151)?
-40
Let k(m) = m**2 + 169*m + 6359. Calculate k(-106).
-319
Let s(b) = -b**2 + 70068*b - 560477. Determine s(8).
3
Let k(q) = -10624*q + 31732. What is k(3)?
-140
Let o(t) = -22961*t - 803651. Give o(-35).
-16
Let l(s) = -1260*s + 34245. Calculate l(27).
225
Let v(w) = 2688*w - 185479. Calculate v(69).
-7
Let y(i) = -i**3 - 36*i**2 - 157*i + 8. Give y(-31).
70
Let h(z) = 2*z**3 + 158*z**2 - 507*z + 458. Calculate h(-82).
1688
Let i(w) = -w**3 + 22*w**2 + 11147*w - 245176. Determine i(22).
58
Let q(d) = 4321*d**2 - 20894*d - 3554. Calculate q(5).
1
Let f(s) = 2*s**2 - 743*s - 24552. Calculate f(402).
-30
Let h(o) = -353*o**2 - 72*o - 136. What is h(-2)?
-1404
Let n(k) = -2685*k + 10937. Give n(4).
197
Let f(s) = s**3 + 69*s**2 + 604*s + 47245. What is f(-70)?
65
Let j(x) = 351*x + 141076. Give j(-402).
-26
Let n(g) = -44*g - 281. Determine n(6).
-545
Let i(p) = -10*p**2 + 60*p + 2176. Give i(18).
16
Let k(c) = c**3 + 91*c**2 - 212*c - 41906. Determine k(-88).
-18
Let s(m) = -3*m**3 - 1063*m**2 - 446*m - 32576. Determine s(-354).
-8
Let j(v) = 8*v**3 - 249*v**2 - 2091*v + 43. Determine j(38).
5
Let h(a) = 4*a**3 - 49*a**2 - 234*a - 129. Determine h(16).
-33
Let a(m) = m**3 + 4*m**2 - 463*m + 475. Give a(19).
-19
Let n(j) = j**2 - 35*j - 10815. Calculate n(123).
9
Let i(y) = 653*y - 14401. Determine i(22).
-35
Let t(s) = -20*s**2 - 346*s - 6678. Give t(-20).
-7758
Let g(t) = -99394*t + 496985. Determine g(5).
15
Let h(o) = -o**3 + 6*o**2 + 218*o - 412. Calculate h(16).
516
Let n(t) = -3*t**2 + 1635*t + 13268. Calculate n(-8).
-4
Let z(i) = 468*i + 59408. Calculate z(-127).
-28
Let w(s) = 313527*s - 12541093. Calculate w(40).
-13
Let s(u) = 3*u**2 + 102*u - 1841. Give s(13).
-8
Let u(a) = 182*a**2 + 6549*a + 19682. Calculate u(-3).
1673
Let j(n) = 91*n**2 - 663*n + 2018. What is j(3)?
848
Let q(h) = 298*h + 988. What is q(-7)?
-1098
Let w(m) = 3*m**3 - 54*m**2 + 11*m - 390. What is w(19)?
902
Let j(c) = c**3 - 159*c**2 + c + 9. What is j(159)?
168
Let u(m) = 188869*m + 5288345. Calculate u(-28).
13
Let k(j) = -j**2 - 3253*j - 1745915. Determine k(-678).
-65
Let d(a) = -501*a - 23945. Determine d(-48).
103
Let t(z) = 167*z - 17173. What is t(96)?
-1141
Let z(d) = -d**2 - 5756*d - 51646. Give z(-9).
77
Let g(s) = 4*s**2 + 200*s - 34. What is g(-54)?
830
Let r(n) = 6*n**3 - 139*n**2 - 616*n - 5485. Calculate r(28).
3
Let n(l) = 3698*l + 25460. Calculate n(-7).
-426
Let z(r) = 2*r**2 + 3829*r - 54000. Determine z(14).
-2
Let m(w) = 3*w**3 + 131*w**2 + 1349*w + 3. Give m(-16).
-333
Let l(o) = -o**3 + 21*o**2 + 1200*o - 122. Calculate l(47).
-1156
Let t(r) = 3360*r + 238337. Calculate t(-71).
-223
Let q(i) = 3*i**3 - 353*i**2 - 1132*i - 9400. Calculate q(121).
38
Let c(q) = -162922*q - 977543. What is c(-6)?
-11
Let r(b) = b**2 - 6341*b - 50818. Calculate r(-8).
-26
Let v(b) = -840*b + 9463. What is v(10)?
1063
Let d(g) = -g + 2519. Give d(94).
2425
Let b(s) = 42972*s + 1117273. Determine b(-26).
1
Let y(z) = -2*z**3 - 44*z**2 - 58*z + 348. Determine y(-20).
-92
Let y(n) = n**2 - 2800*n - 530109. Calculate y(-178).
-25
Let f(d) = 4*d**3 - 825*d**2 + 1024*d + 190. Give f(205).
-15
Let o(j) = -72*j**2 + 2004*j - 1106. Determine o(27).
514
Let c(n) = -19049*n - 39398. Determine c(-2).
-1300
Let k(s) = s**3 - 212*s**2 - 1879*s + 219234. Give k(216).
-6
Let x(t) = 5346466*t - 16039407. Give x(3).
-9
Let z(j) = -399*j**2 + 10771*j + 44. Give z(27).
-10
Let n(s) = s**2 - 21*s - 4852. What is n(83)?
294
Let r(m) = 22*m**2 + 487*m - 14447. Give r(17).
190
Let z(n) = -17556*n - 842642. Determine z(-48).
46
Let h(k) = -6*k**2 + 262*k - 1562. What is h(35)?
258
Let t(k) = -12327*k + 653037. Determine t(53).
-294
Let p(j) = -41233*j + 1030832. Calculate p(25).
7
Let z(i) = 2*i**3 + 29*i**2 - 213*i - 3048. What is z(-14)?
130
Let f(b) = b**3 + 114*b**2 - 236*b - 461. Give f(-116).
3
Let c(n) = -24801*n - 1835288. Determine c(-74).
-14
Let u(j) = -2720*j - 8146. Determine u(-3).
14
Let l(n) = 8*n**3 + 23*n**2 - 28*n + 4. Calculate l(-4).
-28
Let n(t) = -2581*t + 216813. Determine n(84).
9
Let g(k) = 2*k**2 + 66*k - 609. Give g(8).
47
Let x(r) = 31*r**2 + 18*r - 99. Determine x(-4).
325
Let t(p) = -8*p**2 - 115*p + 369. Determine t(-16).
161
Let y(t) = t**3 - 49*t**2 + 243*t - 4830. Give y(46).
0
Let l(z) = 11835*z + 4272562. What is l(-361)?
127
Let z(r) = 2*r**3 + 326*r**2 + 141*r + 22941. What is z(-163)?
-42
Let n(d) = 1432*d**2 + 48691*d + 102. Give n(-34).
0
Let p(l) = -5854*l - 63705. What is p(-11)?
689
Let r(h) = -10*h**2 - 923125*h - 923123. Calculate r(-1).
-8
Let l(n) = -64*n**2 - 346*n + 10. What is l(-3)?
472
Let c(j) = 1660*j + 6985. What is c(-4)?
345
Let y(x) = -94*x**3 - x**2 - 229*x - 463. Calculate y(-2).
743
Let i(m) = -m**2 - 280*m - 13981. What is i(-65)?
-6
Let x(a) = a**2 - 30664*a - 1566458. Give x(-51).
7
Let b(v) = 3*v**2 + 108*v - 54. Give b(-7).
-663
Let a(h) = -9*h**2 + 283*h - 2310. Give a(18).
-132
Let g(r) = 7360*r - 80916. Calculate g(11).
44
Let h(j) = -25*j**2 - 12787*j - 179899. Calculate h(-497).
15
Let m(w) = 3*w**2 + 22*w - 572. What is m(1